{"id":6886,"date":"2022-06-21T13:09:48","date_gmt":"2022-06-21T11:09:48","guid":{"rendered":"https:\/\/jordibordas.com\/s\/?page_id=6886"},"modified":"2023-09-14T11:16:07","modified_gmt":"2023-09-14T09:16:07","slug":"coleccion-divi","status":"publish","type":"page","link":"https:\/\/jordibordas.com\/s\/coleccion-divi\/","title":{"rendered":"Colecci\u00f3n di&#038;vi"},"content":{"rendered":"","protected":false},"excerpt":{"rendered":"","protected":false},"author":3,"featured_media":6887,"parent":0,"menu_order":0,"comment_status":"closed","ping_status":"closed","template":"","meta":{"_acf_changed":false,"_themeisle_gutenberg_block_has_review":false,"footnotes":""},"class_list":["post-6886","page","type-page","status-publish","has-post-thumbnail","hentry"],"acf":[],"yoast_head":"<!-- This site is optimized with the Yoast SEO plugin v27.3 - https:\/\/yoast.com\/product\/yoast-seo-wordpress\/ -->\n<title>Chocolate con probi\u00f3ticos di&amp;vi - Tienda Jordi Bordas<\/title>\n<meta name=\"description\" content=\"La colecci\u00f3n in\u00e9dita di&amp;vi ha sido creada por el psiconeuroinmun\u00f3logo Xevi Verdaguer y el Campe\u00f3n del Mundo de Pasteler\u00eda Jordi Bordas.\" \/>\n<meta name=\"robots\" content=\"index, follow, max-snippet:-1, max-image-preview:large, max-video-preview:-1\" \/>\n<link rel=\"canonical\" href=\"https:\/\/jordibordas.com\/s\/coleccion-divi\/\" \/>\n<meta property=\"og:locale\" content=\"es_ES\" \/>\n<meta property=\"og:type\" content=\"article\" \/>\n<meta property=\"og:title\" content=\"Chocolate con probi\u00f3ticos di&amp;vi - Tienda Jordi Bordas\" \/>\n<meta property=\"og:description\" content=\"La colecci\u00f3n in\u00e9dita di&amp;vi ha sido creada por el psiconeuroinmun\u00f3logo Xevi Verdaguer y el Campe\u00f3n del Mundo de Pasteler\u00eda Jordi Bordas.\" \/>\n<meta property=\"og:url\" content=\"https:\/\/jordibordas.com\/s\/coleccion-divi\/\" \/>\n<meta property=\"og:site_name\" content=\"Tienda Jordi Bordas\" \/>\n<meta property=\"article:modified_time\" content=\"2023-09-14T09:16:07+00:00\" \/>\n<meta property=\"og:image\" content=\"https:\/\/jordibordas.com\/s\/wp-content\/uploads\/sites\/3\/2022\/06\/Portada-Divi-1.jpg\" \/>\n\t<meta property=\"og:image:width\" content=\"2000\" \/>\n\t<meta property=\"og:image:height\" content=\"1333\" \/>\n\t<meta property=\"og:image:type\" content=\"image\/jpeg\" \/>\n<meta name=\"twitter:card\" content=\"summary_large_image\" \/>\n<script type=\"application\/ld+json\" class=\"yoast-schema-graph\">{\"@context\":\"https:\\\/\\\/schema.org\",\"@graph\":[{\"@type\":\"WebPage\",\"@id\":\"https:\\\/\\\/jordibordas.com\\\/s\\\/coleccion-divi\\\/\",\"url\":\"https:\\\/\\\/jordibordas.com\\\/s\\\/coleccion-divi\\\/\",\"name\":\"Chocolate con probi\u00f3ticos di&vi - Tienda Jordi Bordas\",\"isPartOf\":{\"@id\":\"https:\\\/\\\/jordibordas.com\\\/s\\\/#website\"},\"primaryImageOfPage\":{\"@id\":\"https:\\\/\\\/jordibordas.com\\\/s\\\/coleccion-divi\\\/#primaryimage\"},\"image\":{\"@id\":\"https:\\\/\\\/jordibordas.com\\\/s\\\/coleccion-divi\\\/#primaryimage\"},\"thumbnailUrl\":\"https:\\\/\\\/jordibordas.com\\\/s\\\/wp-content\\\/uploads\\\/sites\\\/3\\\/2022\\\/06\\\/Portada-Divi-1.jpg\",\"datePublished\":\"2022-06-21T11:09:48+00:00\",\"dateModified\":\"2023-09-14T09:16:07+00:00\",\"description\":\"La colecci\u00f3n in\u00e9dita di&vi ha sido creada por el psiconeuroinmun\u00f3logo Xevi Verdaguer y el Campe\u00f3n del Mundo de Pasteler\u00eda Jordi Bordas.\",\"breadcrumb\":{\"@id\":\"https:\\\/\\\/jordibordas.com\\\/s\\\/coleccion-divi\\\/#breadcrumb\"},\"inLanguage\":\"es\",\"potentialAction\":[{\"@type\":\"ReadAction\",\"target\":[\"https:\\\/\\\/jordibordas.com\\\/s\\\/coleccion-divi\\\/\"]}]},{\"@type\":\"ImageObject\",\"inLanguage\":\"es\",\"@id\":\"https:\\\/\\\/jordibordas.com\\\/s\\\/coleccion-divi\\\/#primaryimage\",\"url\":\"https:\\\/\\\/jordibordas.com\\\/s\\\/wp-content\\\/uploads\\\/sites\\\/3\\\/2022\\\/06\\\/Portada-Divi-1.jpg\",\"contentUrl\":\"https:\\\/\\\/jordibordas.com\\\/s\\\/wp-content\\\/uploads\\\/sites\\\/3\\\/2022\\\/06\\\/Portada-Divi-1.jpg\",\"width\":2000,\"height\":1333},{\"@type\":\"BreadcrumbList\",\"@id\":\"https:\\\/\\\/jordibordas.com\\\/s\\\/coleccion-divi\\\/#breadcrumb\",\"itemListElement\":[{\"@type\":\"ListItem\",\"position\":1,\"name\":\"Portada\",\"item\":\"https:\\\/\\\/jordibordas.com\\\/s\\\/\"},{\"@type\":\"ListItem\",\"position\":2,\"name\":\"Colecci\u00f3n di&#038;vi\"}]},{\"@type\":\"WebSite\",\"@id\":\"https:\\\/\\\/jordibordas.com\\\/s\\\/#website\",\"url\":\"https:\\\/\\\/jordibordas.com\\\/s\\\/\",\"name\":\"Tienda Jordi Bordas\",\"description\":\"Innovative Pastry Education\",\"potentialAction\":[{\"@type\":\"SearchAction\",\"target\":{\"@type\":\"EntryPoint\",\"urlTemplate\":\"https:\\\/\\\/jordibordas.com\\\/s\\\/?s={search_term_string}\"},\"query-input\":{\"@type\":\"PropertyValueSpecification\",\"valueRequired\":true,\"valueName\":\"search_term_string\"}}],\"inLanguage\":\"es\"}]}<\/script>\n<!-- \/ Yoast SEO plugin. -->","yoast_head_json":{"title":"Chocolate con probi\u00f3ticos di&vi - Tienda Jordi Bordas","description":"La colecci\u00f3n in\u00e9dita di&vi ha sido creada por el psiconeuroinmun\u00f3logo Xevi Verdaguer y el Campe\u00f3n del Mundo de Pasteler\u00eda Jordi Bordas.","robots":{"index":"index","follow":"follow","max-snippet":"max-snippet:-1","max-image-preview":"max-image-preview:large","max-video-preview":"max-video-preview:-1"},"canonical":"https:\/\/jordibordas.com\/s\/coleccion-divi\/","og_locale":"es_ES","og_type":"article","og_title":"Chocolate con probi\u00f3ticos di&vi - Tienda Jordi Bordas","og_description":"La colecci\u00f3n in\u00e9dita di&vi ha sido creada por el psiconeuroinmun\u00f3logo Xevi Verdaguer y el Campe\u00f3n del Mundo de Pasteler\u00eda Jordi Bordas.","og_url":"https:\/\/jordibordas.com\/s\/coleccion-divi\/","og_site_name":"Tienda Jordi Bordas","article_modified_time":"2023-09-14T09:16:07+00:00","og_image":[{"width":2000,"height":1333,"url":"https:\/\/jordibordas.com\/s\/wp-content\/uploads\/sites\/3\/2022\/06\/Portada-Divi-1.jpg","type":"image\/jpeg"}],"twitter_card":"summary_large_image","schema":{"@context":"https:\/\/schema.org","@graph":[{"@type":"WebPage","@id":"https:\/\/jordibordas.com\/s\/coleccion-divi\/","url":"https:\/\/jordibordas.com\/s\/coleccion-divi\/","name":"Chocolate con probi\u00f3ticos di&vi - Tienda Jordi Bordas","isPartOf":{"@id":"https:\/\/jordibordas.com\/s\/#website"},"primaryImageOfPage":{"@id":"https:\/\/jordibordas.com\/s\/coleccion-divi\/#primaryimage"},"image":{"@id":"https:\/\/jordibordas.com\/s\/coleccion-divi\/#primaryimage"},"thumbnailUrl":"https:\/\/jordibordas.com\/s\/wp-content\/uploads\/sites\/3\/2022\/06\/Portada-Divi-1.jpg","datePublished":"2022-06-21T11:09:48+00:00","dateModified":"2023-09-14T09:16:07+00:00","description":"La colecci\u00f3n in\u00e9dita di&vi ha sido creada por el psiconeuroinmun\u00f3logo Xevi Verdaguer y el Campe\u00f3n del Mundo de Pasteler\u00eda Jordi Bordas.","breadcrumb":{"@id":"https:\/\/jordibordas.com\/s\/coleccion-divi\/#breadcrumb"},"inLanguage":"es","potentialAction":[{"@type":"ReadAction","target":["https:\/\/jordibordas.com\/s\/coleccion-divi\/"]}]},{"@type":"ImageObject","inLanguage":"es","@id":"https:\/\/jordibordas.com\/s\/coleccion-divi\/#primaryimage","url":"https:\/\/jordibordas.com\/s\/wp-content\/uploads\/sites\/3\/2022\/06\/Portada-Divi-1.jpg","contentUrl":"https:\/\/jordibordas.com\/s\/wp-content\/uploads\/sites\/3\/2022\/06\/Portada-Divi-1.jpg","width":2000,"height":1333},{"@type":"BreadcrumbList","@id":"https:\/\/jordibordas.com\/s\/coleccion-divi\/#breadcrumb","itemListElement":[{"@type":"ListItem","position":1,"name":"Portada","item":"https:\/\/jordibordas.com\/s\/"},{"@type":"ListItem","position":2,"name":"Colecci\u00f3n di&#038;vi"}]},{"@type":"WebSite","@id":"https:\/\/jordibordas.com\/s\/#website","url":"https:\/\/jordibordas.com\/s\/","name":"Tienda Jordi Bordas","description":"Innovative Pastry Education","potentialAction":[{"@type":"SearchAction","target":{"@type":"EntryPoint","urlTemplate":"https:\/\/jordibordas.com\/s\/?s={search_term_string}"},"query-input":{"@type":"PropertyValueSpecification","valueRequired":true,"valueName":"search_term_string"}}],"inLanguage":"es"}]}},"_links":{"self":[{"href":"https:\/\/jordibordas.com\/s\/wp-json\/wp\/v2\/pages\/6886","targetHints":{"allow":["GET"]}}],"collection":[{"href":"https:\/\/jordibordas.com\/s\/wp-json\/wp\/v2\/pages"}],"about":[{"href":"https:\/\/jordibordas.com\/s\/wp-json\/wp\/v2\/types\/page"}],"author":[{"embeddable":true,"href":"https:\/\/jordibordas.com\/s\/wp-json\/wp\/v2\/users\/3"}],"replies":[{"embeddable":true,"href":"https:\/\/jordibordas.com\/s\/wp-json\/wp\/v2\/comments?post=6886"}],"version-history":[{"count":16,"href":"https:\/\/jordibordas.com\/s\/wp-json\/wp\/v2\/pages\/6886\/revisions"}],"predecessor-version":[{"id":10239,"href":"https:\/\/jordibordas.com\/s\/wp-json\/wp\/v2\/pages\/6886\/revisions\/10239"}],"wp:featuredmedia":[{"embeddable":true,"href":"https:\/\/jordibordas.com\/s\/wp-json\/wp\/v2\/media\/6887"}],"wp:attachment":[{"href":"https:\/\/jordibordas.com\/s\/wp-json\/wp\/v2\/media?parent=6886"}],"curies":[{"name":"wp","href":"https:\/\/api.w.org\/{rel}","templated":true}]}}