{"id":9124,"date":"2022-11-29T09:52:34","date_gmt":"2022-11-29T08:52:34","guid":{"rendered":"https:\/\/jordibordas.com\/s\/?post_type=product&#038;p=9124"},"modified":"2024-04-17T08:36:02","modified_gmt":"2024-04-17T06:36:02","slug":"essential-puro-cacao-2","status":"publish","type":"product","link":"https:\/\/jordibordas.com\/s\/producto\/essential-puro-cacao-2\/","title":{"rendered":"Essential Puro Cacao"},"content":{"rendered":"<h4><span style=\"color: #be897e\">ESSENTIAL PURO CACAO<\/span><\/h4>\n<p><span style=\"color: #be897e\">turr\u00f3n de chocolate negro 70 % y trufa de chocolate negro 70 % con un toque de sal Maldon<\/span><\/p>\n<p><img loading=\"lazy\" decoding=\"async\" class=\"alignnone size-full wp-image-8877\" src=\"https:\/\/jordibordas.com\/s\/wp-content\/uploads\/sites\/3\/2021\/12\/leyenda-soles.png\" alt=\"leyenda soles\" width=\"245\" height=\"53\" \/><\/p>\n<p>Esta elaboraci\u00f3n est\u00e1 compuesta por una trufa de chocolate del 70 % org\u00e1nico de Ghana y Madagascar y un toque de flor de sal Maldon. Destaca por su textura cremosa y su intenso sabor a cacao. Dise\u00f1ada para los amantes del chocolate negro.<\/p>\n<p>200 g<\/p>\n<h6>Contiene: avena sin gluten. Puede contener trazas de otros cereales con gluten, leche, huevo y frutos secos.<\/h6>\n","protected":false},"excerpt":{"rendered":"<p>Turr\u00f3n de chocolate negro 70 % y trufa de chocolate negro 70 % con un toque de sal Maldon<\/p>\n","protected":false},"featured_media":9101,"template":"","meta":{"_acf_changed":false,"_themeisle_gutenberg_block_has_review":false},"product_brand":[],"product_cat":[121],"product_tag":[],"class_list":{"0":"post-9124","1":"product","2":"type-product","3":"status-publish","4":"has-post-thumbnail","6":"product_cat-essentials","7":"product_shipping_class-normal-n","9":"first","10":"outofstock","11":"taxable","12":"shipping-taxable","13":"purchasable","14":"product-type-simple"},"acf":[],"yoast_head":"<!-- This site is optimized with the Yoast SEO plugin v27.3 - https:\/\/yoast.com\/product\/yoast-seo-wordpress\/ -->\n<title>Essential Puro Cacao - Tienda Jordi Bordas<\/title>\n<meta name=\"description\" content=\"Esta elaboraci\u00f3n est\u00e1 compuesta por una trufa de chocolate del 70 % org\u00e1nico de Ghana y Madagascar y un toque de flor de sal Maldon.\" \/>\n<meta name=\"robots\" content=\"index, follow, max-snippet:-1, max-image-preview:large, max-video-preview:-1\" \/>\n<link rel=\"canonical\" href=\"https:\/\/jordibordas.com\/s\/producto\/essential-puro-cacao-2\/\" \/>\n<meta property=\"og:locale\" content=\"es_ES\" \/>\n<meta property=\"og:type\" content=\"article\" \/>\n<meta property=\"og:title\" content=\"Essential Puro Cacao - Tienda Jordi Bordas\" \/>\n<meta property=\"og:description\" content=\"Esta elaboraci\u00f3n est\u00e1 compuesta por una trufa de chocolate del 70 % org\u00e1nico de Ghana y Madagascar y un toque de flor de sal Maldon.\" \/>\n<meta property=\"og:url\" content=\"https:\/\/jordibordas.com\/s\/producto\/essential-puro-cacao-2\/\" \/>\n<meta property=\"og:site_name\" content=\"Tienda Jordi Bordas\" \/>\n<meta property=\"article:modified_time\" content=\"2024-04-17T06:36:02+00:00\" \/>\n<meta property=\"og:image\" content=\"https:\/\/jordibordas.com\/s\/wp-content\/uploads\/sites\/3\/2022\/11\/Essential-Puro-cacao-corte.jpg\" \/>\n\t<meta property=\"og:image:width\" content=\"1000\" \/>\n\t<meta property=\"og:image:height\" content=\"1000\" \/>\n\t<meta property=\"og:image:type\" content=\"image\/jpeg\" \/>\n<meta name=\"twitter:card\" content=\"summary_large_image\" \/>\n<meta name=\"twitter:label1\" content=\"Tiempo de lectura\" \/>\n\t<meta name=\"twitter:data1\" content=\"1 minuto\" \/>\n<script type=\"application\/ld+json\" class=\"yoast-schema-graph\">{\"@context\":\"https:\\\/\\\/schema.org\",\"@graph\":[{\"@type\":\"WebPage\",\"@id\":\"https:\\\/\\\/jordibordas.com\\\/s\\\/producto\\\/essential-puro-cacao-2\\\/\",\"url\":\"https:\\\/\\\/jordibordas.com\\\/s\\\/producto\\\/essential-puro-cacao-2\\\/\",\"name\":\"Essential Puro Cacao - Tienda Jordi Bordas\",\"isPartOf\":{\"@id\":\"https:\\\/\\\/jordibordas.com\\\/s\\\/#website\"},\"primaryImageOfPage\":{\"@id\":\"https:\\\/\\\/jordibordas.com\\\/s\\\/producto\\\/essential-puro-cacao-2\\\/#primaryimage\"},\"image\":{\"@id\":\"https:\\\/\\\/jordibordas.com\\\/s\\\/producto\\\/essential-puro-cacao-2\\\/#primaryimage\"},\"thumbnailUrl\":\"https:\\\/\\\/jordibordas.com\\\/s\\\/wp-content\\\/uploads\\\/sites\\\/3\\\/2022\\\/11\\\/Essential-Puro-cacao-corte.jpg\",\"datePublished\":\"2022-11-29T08:52:34+00:00\",\"dateModified\":\"2024-04-17T06:36:02+00:00\",\"description\":\"Esta elaboraci\u00f3n est\u00e1 compuesta por una trufa de chocolate del 70 % org\u00e1nico de Ghana y Madagascar y un toque de flor de sal Maldon.\",\"breadcrumb\":{\"@id\":\"https:\\\/\\\/jordibordas.com\\\/s\\\/producto\\\/essential-puro-cacao-2\\\/#breadcrumb\"},\"inLanguage\":\"es\",\"potentialAction\":[{\"@type\":\"ReadAction\",\"target\":[\"https:\\\/\\\/jordibordas.com\\\/s\\\/producto\\\/essential-puro-cacao-2\\\/\"]}]},{\"@type\":\"ImageObject\",\"inLanguage\":\"es\",\"@id\":\"https:\\\/\\\/jordibordas.com\\\/s\\\/producto\\\/essential-puro-cacao-2\\\/#primaryimage\",\"url\":\"https:\\\/\\\/jordibordas.com\\\/s\\\/wp-content\\\/uploads\\\/sites\\\/3\\\/2022\\\/11\\\/Essential-Puro-cacao-corte.jpg\",\"contentUrl\":\"https:\\\/\\\/jordibordas.com\\\/s\\\/wp-content\\\/uploads\\\/sites\\\/3\\\/2022\\\/11\\\/Essential-Puro-cacao-corte.jpg\",\"width\":1000,\"height\":1000},{\"@type\":\"BreadcrumbList\",\"@id\":\"https:\\\/\\\/jordibordas.com\\\/s\\\/producto\\\/essential-puro-cacao-2\\\/#breadcrumb\",\"itemListElement\":[{\"@type\":\"ListItem\",\"position\":1,\"name\":\"Portada\",\"item\":\"https:\\\/\\\/jordibordas.com\\\/s\\\/\"},{\"@type\":\"ListItem\",\"position\":2,\"name\":\"Essential Puro Cacao\"}]},{\"@type\":\"WebSite\",\"@id\":\"https:\\\/\\\/jordibordas.com\\\/s\\\/#website\",\"url\":\"https:\\\/\\\/jordibordas.com\\\/s\\\/\",\"name\":\"Tienda Jordi Bordas\",\"description\":\"Innovative Pastry Education\",\"potentialAction\":[{\"@type\":\"SearchAction\",\"target\":{\"@type\":\"EntryPoint\",\"urlTemplate\":\"https:\\\/\\\/jordibordas.com\\\/s\\\/?s={search_term_string}\"},\"query-input\":{\"@type\":\"PropertyValueSpecification\",\"valueRequired\":true,\"valueName\":\"search_term_string\"}}],\"inLanguage\":\"es\"}]}<\/script>\n<!-- \/ Yoast SEO plugin. -->","yoast_head_json":{"title":"Essential Puro Cacao - Tienda Jordi Bordas","description":"Esta elaboraci\u00f3n est\u00e1 compuesta por una trufa de chocolate del 70 % org\u00e1nico de Ghana y Madagascar y un toque de flor de sal Maldon.","robots":{"index":"index","follow":"follow","max-snippet":"max-snippet:-1","max-image-preview":"max-image-preview:large","max-video-preview":"max-video-preview:-1"},"canonical":"https:\/\/jordibordas.com\/s\/producto\/essential-puro-cacao-2\/","og_locale":"es_ES","og_type":"article","og_title":"Essential Puro Cacao - Tienda Jordi Bordas","og_description":"Esta elaboraci\u00f3n est\u00e1 compuesta por una trufa de chocolate del 70 % org\u00e1nico de Ghana y Madagascar y un toque de flor de sal Maldon.","og_url":"https:\/\/jordibordas.com\/s\/producto\/essential-puro-cacao-2\/","og_site_name":"Tienda Jordi Bordas","article_modified_time":"2024-04-17T06:36:02+00:00","og_image":[{"width":1000,"height":1000,"url":"https:\/\/jordibordas.com\/s\/wp-content\/uploads\/sites\/3\/2022\/11\/Essential-Puro-cacao-corte.jpg","type":"image\/jpeg"}],"twitter_card":"summary_large_image","twitter_misc":{"Tiempo de lectura":"1 minuto"},"schema":{"@context":"https:\/\/schema.org","@graph":[{"@type":"WebPage","@id":"https:\/\/jordibordas.com\/s\/producto\/essential-puro-cacao-2\/","url":"https:\/\/jordibordas.com\/s\/producto\/essential-puro-cacao-2\/","name":"Essential Puro Cacao - Tienda Jordi Bordas","isPartOf":{"@id":"https:\/\/jordibordas.com\/s\/#website"},"primaryImageOfPage":{"@id":"https:\/\/jordibordas.com\/s\/producto\/essential-puro-cacao-2\/#primaryimage"},"image":{"@id":"https:\/\/jordibordas.com\/s\/producto\/essential-puro-cacao-2\/#primaryimage"},"thumbnailUrl":"https:\/\/jordibordas.com\/s\/wp-content\/uploads\/sites\/3\/2022\/11\/Essential-Puro-cacao-corte.jpg","datePublished":"2022-11-29T08:52:34+00:00","dateModified":"2024-04-17T06:36:02+00:00","description":"Esta elaboraci\u00f3n est\u00e1 compuesta por una trufa de chocolate del 70 % org\u00e1nico de Ghana y Madagascar y un toque de flor de sal Maldon.","breadcrumb":{"@id":"https:\/\/jordibordas.com\/s\/producto\/essential-puro-cacao-2\/#breadcrumb"},"inLanguage":"es","potentialAction":[{"@type":"ReadAction","target":["https:\/\/jordibordas.com\/s\/producto\/essential-puro-cacao-2\/"]}]},{"@type":"ImageObject","inLanguage":"es","@id":"https:\/\/jordibordas.com\/s\/producto\/essential-puro-cacao-2\/#primaryimage","url":"https:\/\/jordibordas.com\/s\/wp-content\/uploads\/sites\/3\/2022\/11\/Essential-Puro-cacao-corte.jpg","contentUrl":"https:\/\/jordibordas.com\/s\/wp-content\/uploads\/sites\/3\/2022\/11\/Essential-Puro-cacao-corte.jpg","width":1000,"height":1000},{"@type":"BreadcrumbList","@id":"https:\/\/jordibordas.com\/s\/producto\/essential-puro-cacao-2\/#breadcrumb","itemListElement":[{"@type":"ListItem","position":1,"name":"Portada","item":"https:\/\/jordibordas.com\/s\/"},{"@type":"ListItem","position":2,"name":"Essential Puro Cacao"}]},{"@type":"WebSite","@id":"https:\/\/jordibordas.com\/s\/#website","url":"https:\/\/jordibordas.com\/s\/","name":"Tienda Jordi Bordas","description":"Innovative Pastry Education","potentialAction":[{"@type":"SearchAction","target":{"@type":"EntryPoint","urlTemplate":"https:\/\/jordibordas.com\/s\/?s={search_term_string}"},"query-input":{"@type":"PropertyValueSpecification","valueRequired":true,"valueName":"search_term_string"}}],"inLanguage":"es"}]}},"_links":{"self":[{"href":"https:\/\/jordibordas.com\/s\/wp-json\/wp\/v2\/product\/9124","targetHints":{"allow":["GET"]}}],"collection":[{"href":"https:\/\/jordibordas.com\/s\/wp-json\/wp\/v2\/product"}],"about":[{"href":"https:\/\/jordibordas.com\/s\/wp-json\/wp\/v2\/types\/product"}],"wp:featuredmedia":[{"embeddable":true,"href":"https:\/\/jordibordas.com\/s\/wp-json\/wp\/v2\/media\/9101"}],"wp:attachment":[{"href":"https:\/\/jordibordas.com\/s\/wp-json\/wp\/v2\/media?parent=9124"}],"wp:term":[{"taxonomy":"product_brand","embeddable":true,"href":"https:\/\/jordibordas.com\/s\/wp-json\/wp\/v2\/product_brand?post=9124"},{"taxonomy":"product_cat","embeddable":true,"href":"https:\/\/jordibordas.com\/s\/wp-json\/wp\/v2\/product_cat?post=9124"},{"taxonomy":"product_tag","embeddable":true,"href":"https:\/\/jordibordas.com\/s\/wp-json\/wp\/v2\/product_tag?post=9124"}],"curies":[{"name":"wp","href":"https:\/\/api.w.org\/{rel}","templated":true}]}}