{"id":7838,"date":"2022-11-14T13:01:40","date_gmt":"2022-11-14T12:01:40","guid":{"rendered":"https:\/\/jordibordas.com\/z\/?page_id=7838"},"modified":"2025-08-04T15:05:56","modified_gmt":"2025-08-04T13:05:56","slug":"curso-de-introduccion-a-la-pasteleria-vegana-mas-saludable","status":"publish","type":"page","link":"https:\/\/jordibordas.com\/z\/curso-de-introduccion-a-la-pasteleria-vegana-mas-saludable\/","title":{"rendered":"Curso de introducci\u00f3n a la pasteler\u00eda vegana m\u00e1s saludable"},"content":{"rendered":"","protected":false},"excerpt":{"rendered":"","protected":false},"author":3,"featured_media":7895,"parent":0,"menu_order":0,"comment_status":"closed","ping_status":"closed","template":"template-parts\/page-course-template.php","meta":{"_acf_changed":false,"_bbp_topic_count":0,"_bbp_reply_count":0,"_bbp_total_topic_count":0,"_bbp_total_reply_count":0,"_bbp_voice_count":0,"_bbp_anonymous_reply_count":0,"_bbp_topic_count_hidden":0,"_bbp_reply_count_hidden":0,"_bbp_forum_subforum_count":0,"_themeisle_gutenberg_block_has_review":false,"footnotes":""},"class_list":["post-7838","page","type-page","status-publish","has-post-thumbnail","hentry"],"acf":[],"yoast_head":"<!-- This site is optimized with the Yoast SEO plugin v27.5 - https:\/\/yoast.com\/product\/yoast-seo-wordpress\/ -->\n<title>Curso de introducci\u00f3n a la pasteler\u00eda vegana m\u00e1s saludable - Jordi Bordas<\/title>\n<meta name=\"description\" content=\"En este curso te introducir\u00e1s a la pasteler\u00eda vegana y descubrir\u00e1s los ingredientes alternativos y su funcionalidad en las recetas.\" \/>\n<meta name=\"robots\" content=\"index, follow, max-snippet:-1, max-image-preview:large, max-video-preview:-1\" \/>\n<link rel=\"canonical\" href=\"https:\/\/jordibordas.com\/z\/curso-de-introduccion-a-la-pasteleria-vegana-mas-saludable\/\" \/>\n<meta property=\"og:locale\" content=\"es_ES\" \/>\n<meta property=\"og:type\" content=\"article\" \/>\n<meta property=\"og:title\" content=\"Curso de introducci\u00f3n a la pasteler\u00eda vegana m\u00e1s saludable - Jordi Bordas\" \/>\n<meta property=\"og:description\" content=\"En este curso te introducir\u00e1s a la pasteler\u00eda vegana y descubrir\u00e1s los ingredientes alternativos y su funcionalidad en las recetas.\" \/>\n<meta property=\"og:url\" content=\"https:\/\/jordibordas.com\/z\/curso-de-introduccion-a-la-pasteleria-vegana-mas-saludable\/\" \/>\n<meta property=\"og:site_name\" content=\"Innovative Pastry Education\" \/>\n<meta property=\"article:modified_time\" content=\"2025-08-04T13:05:56+00:00\" \/>\n<meta property=\"og:image\" content=\"https:\/\/jordibordas.com\/z\/wp-content\/uploads\/sites\/5\/2022\/11\/Portada-financier-pistacho.jpg\" \/>\n\t<meta property=\"og:image:width\" content=\"1920\" \/>\n\t<meta property=\"og:image:height\" content=\"1289\" \/>\n\t<meta property=\"og:image:type\" content=\"image\/jpeg\" \/>\n<meta name=\"twitter:card\" content=\"summary_large_image\" \/>\n<meta name=\"twitter:label1\" content=\"Tiempo de lectura\" \/>\n\t<meta name=\"twitter:data1\" content=\"1 minuto\" \/>\n<script type=\"application\/ld+json\" class=\"yoast-schema-graph\">{\"@context\":\"https:\\\/\\\/schema.org\",\"@graph\":[{\"@type\":\"WebPage\",\"@id\":\"https:\\\/\\\/jordibordas.com\\\/z\\\/curso-de-introduccion-a-la-pasteleria-vegana-mas-saludable\\\/\",\"url\":\"https:\\\/\\\/jordibordas.com\\\/z\\\/curso-de-introduccion-a-la-pasteleria-vegana-mas-saludable\\\/\",\"name\":\"Curso de introducci\u00f3n a la pasteler\u00eda vegana m\u00e1s saludable - Jordi Bordas\",\"isPartOf\":{\"@id\":\"https:\\\/\\\/jordibordas.com\\\/z\\\/#website\"},\"primaryImageOfPage\":{\"@id\":\"https:\\\/\\\/jordibordas.com\\\/z\\\/curso-de-introduccion-a-la-pasteleria-vegana-mas-saludable\\\/#primaryimage\"},\"image\":{\"@id\":\"https:\\\/\\\/jordibordas.com\\\/z\\\/curso-de-introduccion-a-la-pasteleria-vegana-mas-saludable\\\/#primaryimage\"},\"thumbnailUrl\":\"https:\\\/\\\/jordibordas.com\\\/z\\\/wp-content\\\/uploads\\\/sites\\\/5\\\/2022\\\/11\\\/Portada-financier-pistacho.jpg\",\"datePublished\":\"2022-11-14T12:01:40+00:00\",\"dateModified\":\"2025-08-04T13:05:56+00:00\",\"description\":\"En este curso te introducir\u00e1s a la pasteler\u00eda vegana y descubrir\u00e1s los ingredientes alternativos y su funcionalidad en las recetas.\",\"breadcrumb\":{\"@id\":\"https:\\\/\\\/jordibordas.com\\\/z\\\/curso-de-introduccion-a-la-pasteleria-vegana-mas-saludable\\\/#breadcrumb\"},\"inLanguage\":\"es\",\"potentialAction\":[{\"@type\":\"ReadAction\",\"target\":[\"https:\\\/\\\/jordibordas.com\\\/z\\\/curso-de-introduccion-a-la-pasteleria-vegana-mas-saludable\\\/\"]}]},{\"@type\":\"ImageObject\",\"inLanguage\":\"es\",\"@id\":\"https:\\\/\\\/jordibordas.com\\\/z\\\/curso-de-introduccion-a-la-pasteleria-vegana-mas-saludable\\\/#primaryimage\",\"url\":\"https:\\\/\\\/jordibordas.com\\\/z\\\/wp-content\\\/uploads\\\/sites\\\/5\\\/2022\\\/11\\\/Portada-financier-pistacho.jpg\",\"contentUrl\":\"https:\\\/\\\/jordibordas.com\\\/z\\\/wp-content\\\/uploads\\\/sites\\\/5\\\/2022\\\/11\\\/Portada-financier-pistacho.jpg\",\"width\":1920,\"height\":1289},{\"@type\":\"BreadcrumbList\",\"@id\":\"https:\\\/\\\/jordibordas.com\\\/z\\\/curso-de-introduccion-a-la-pasteleria-vegana-mas-saludable\\\/#breadcrumb\",\"itemListElement\":[{\"@type\":\"ListItem\",\"position\":1,\"name\":\"Portada\",\"item\":\"https:\\\/\\\/jordibordas.com\\\/z\\\/\"},{\"@type\":\"ListItem\",\"position\":2,\"name\":\"Curso de introducci\u00f3n a la pasteler\u00eda vegana m\u00e1s saludable\"}]},{\"@type\":\"WebSite\",\"@id\":\"https:\\\/\\\/jordibordas.com\\\/z\\\/#website\",\"url\":\"https:\\\/\\\/jordibordas.com\\\/z\\\/\",\"name\":\"Innovative Pastry Education\",\"description\":\"Innovative Pastry Education\",\"potentialAction\":[{\"@type\":\"SearchAction\",\"target\":{\"@type\":\"EntryPoint\",\"urlTemplate\":\"https:\\\/\\\/jordibordas.com\\\/z\\\/?s={search_term_string}\"},\"query-input\":{\"@type\":\"PropertyValueSpecification\",\"valueRequired\":true,\"valueName\":\"search_term_string\"}}],\"inLanguage\":\"es\"}]}<\/script>\n<!-- \/ Yoast SEO plugin. -->","yoast_head_json":{"title":"Curso de introducci\u00f3n a la pasteler\u00eda vegana m\u00e1s saludable - Jordi Bordas","description":"En este curso te introducir\u00e1s a la pasteler\u00eda vegana y descubrir\u00e1s los ingredientes alternativos y su funcionalidad en las recetas.","robots":{"index":"index","follow":"follow","max-snippet":"max-snippet:-1","max-image-preview":"max-image-preview:large","max-video-preview":"max-video-preview:-1"},"canonical":"https:\/\/jordibordas.com\/z\/curso-de-introduccion-a-la-pasteleria-vegana-mas-saludable\/","og_locale":"es_ES","og_type":"article","og_title":"Curso de introducci\u00f3n a la pasteler\u00eda vegana m\u00e1s saludable - Jordi Bordas","og_description":"En este curso te introducir\u00e1s a la pasteler\u00eda vegana y descubrir\u00e1s los ingredientes alternativos y su funcionalidad en las recetas.","og_url":"https:\/\/jordibordas.com\/z\/curso-de-introduccion-a-la-pasteleria-vegana-mas-saludable\/","og_site_name":"Innovative Pastry Education","article_modified_time":"2025-08-04T13:05:56+00:00","og_image":[{"width":1920,"height":1289,"url":"https:\/\/jordibordas.com\/z\/wp-content\/uploads\/sites\/5\/2022\/11\/Portada-financier-pistacho.jpg","type":"image\/jpeg"}],"twitter_card":"summary_large_image","twitter_misc":{"Tiempo de lectura":"1 minuto"},"schema":{"@context":"https:\/\/schema.org","@graph":[{"@type":"WebPage","@id":"https:\/\/jordibordas.com\/z\/curso-de-introduccion-a-la-pasteleria-vegana-mas-saludable\/","url":"https:\/\/jordibordas.com\/z\/curso-de-introduccion-a-la-pasteleria-vegana-mas-saludable\/","name":"Curso de introducci\u00f3n a la pasteler\u00eda vegana m\u00e1s saludable - Jordi Bordas","isPartOf":{"@id":"https:\/\/jordibordas.com\/z\/#website"},"primaryImageOfPage":{"@id":"https:\/\/jordibordas.com\/z\/curso-de-introduccion-a-la-pasteleria-vegana-mas-saludable\/#primaryimage"},"image":{"@id":"https:\/\/jordibordas.com\/z\/curso-de-introduccion-a-la-pasteleria-vegana-mas-saludable\/#primaryimage"},"thumbnailUrl":"https:\/\/jordibordas.com\/z\/wp-content\/uploads\/sites\/5\/2022\/11\/Portada-financier-pistacho.jpg","datePublished":"2022-11-14T12:01:40+00:00","dateModified":"2025-08-04T13:05:56+00:00","description":"En este curso te introducir\u00e1s a la pasteler\u00eda vegana y descubrir\u00e1s los ingredientes alternativos y su funcionalidad en las recetas.","breadcrumb":{"@id":"https:\/\/jordibordas.com\/z\/curso-de-introduccion-a-la-pasteleria-vegana-mas-saludable\/#breadcrumb"},"inLanguage":"es","potentialAction":[{"@type":"ReadAction","target":["https:\/\/jordibordas.com\/z\/curso-de-introduccion-a-la-pasteleria-vegana-mas-saludable\/"]}]},{"@type":"ImageObject","inLanguage":"es","@id":"https:\/\/jordibordas.com\/z\/curso-de-introduccion-a-la-pasteleria-vegana-mas-saludable\/#primaryimage","url":"https:\/\/jordibordas.com\/z\/wp-content\/uploads\/sites\/5\/2022\/11\/Portada-financier-pistacho.jpg","contentUrl":"https:\/\/jordibordas.com\/z\/wp-content\/uploads\/sites\/5\/2022\/11\/Portada-financier-pistacho.jpg","width":1920,"height":1289},{"@type":"BreadcrumbList","@id":"https:\/\/jordibordas.com\/z\/curso-de-introduccion-a-la-pasteleria-vegana-mas-saludable\/#breadcrumb","itemListElement":[{"@type":"ListItem","position":1,"name":"Portada","item":"https:\/\/jordibordas.com\/z\/"},{"@type":"ListItem","position":2,"name":"Curso de introducci\u00f3n a la pasteler\u00eda vegana m\u00e1s saludable"}]},{"@type":"WebSite","@id":"https:\/\/jordibordas.com\/z\/#website","url":"https:\/\/jordibordas.com\/z\/","name":"Innovative Pastry Education","description":"Innovative Pastry Education","potentialAction":[{"@type":"SearchAction","target":{"@type":"EntryPoint","urlTemplate":"https:\/\/jordibordas.com\/z\/?s={search_term_string}"},"query-input":{"@type":"PropertyValueSpecification","valueRequired":true,"valueName":"search_term_string"}}],"inLanguage":"es"}]}},"_links":{"self":[{"href":"https:\/\/jordibordas.com\/z\/wp-json\/wp\/v2\/pages\/7838","targetHints":{"allow":["GET"]}}],"collection":[{"href":"https:\/\/jordibordas.com\/z\/wp-json\/wp\/v2\/pages"}],"about":[{"href":"https:\/\/jordibordas.com\/z\/wp-json\/wp\/v2\/types\/page"}],"author":[{"embeddable":true,"href":"https:\/\/jordibordas.com\/z\/wp-json\/wp\/v2\/users\/3"}],"replies":[{"embeddable":true,"href":"https:\/\/jordibordas.com\/z\/wp-json\/wp\/v2\/comments?post=7838"}],"version-history":[{"count":53,"href":"https:\/\/jordibordas.com\/z\/wp-json\/wp\/v2\/pages\/7838\/revisions"}],"predecessor-version":[{"id":11389,"href":"https:\/\/jordibordas.com\/z\/wp-json\/wp\/v2\/pages\/7838\/revisions\/11389"}],"wp:featuredmedia":[{"embeddable":true,"href":"https:\/\/jordibordas.com\/z\/wp-json\/wp\/v2\/media\/7895"}],"wp:attachment":[{"href":"https:\/\/jordibordas.com\/z\/wp-json\/wp\/v2\/media?parent=7838"}],"curies":[{"name":"wp","href":"https:\/\/api.w.org\/{rel}","templated":true}]}}