{"id":8978,"date":"2024-02-20T11:34:43","date_gmt":"2024-02-20T10:34:43","guid":{"rendered":"https:\/\/jordibordas.com\/z\/?page_id=8978"},"modified":"2024-05-31T12:09:32","modified_gmt":"2024-05-31T10:09:32","slug":"curso-de-introduccion-a-la-pasteleria-sin-azucar","status":"publish","type":"page","link":"https:\/\/jordibordas.com\/z\/curso-de-introduccion-a-la-pasteleria-sin-azucar\/","title":{"rendered":"Curso de introducci\u00f3n a la pasteler\u00eda sin az\u00facar"},"content":{"rendered":"","protected":false},"excerpt":{"rendered":"","protected":false},"author":24,"featured_media":0,"parent":0,"menu_order":0,"comment_status":"closed","ping_status":"closed","template":"template-parts\/page-course-template.php","meta":{"_acf_changed":false,"_bbp_topic_count":0,"_bbp_reply_count":0,"_bbp_total_topic_count":0,"_bbp_total_reply_count":0,"_bbp_voice_count":0,"_bbp_anonymous_reply_count":0,"_bbp_topic_count_hidden":0,"_bbp_reply_count_hidden":0,"_bbp_forum_subforum_count":0,"_themeisle_gutenberg_block_has_review":false,"footnotes":""},"class_list":["post-8978","page","type-page","status-publish","hentry"],"acf":[],"yoast_head":"<!-- This site is optimized with the Yoast SEO plugin v27.3 - https:\/\/yoast.com\/product\/yoast-seo-wordpress\/ -->\n<title>Curso de introducci\u00f3n a la pasteler\u00eda sin az\u00facar - Jordi Bordas<\/title>\n<meta name=\"description\" content=\"En este curso te introducir\u00e1s a la pasteler\u00eda sin az\u00facar y descubrir\u00e1s los ingredientes alternativos y su funcionalidad en las recetas.\" \/>\n<meta name=\"robots\" content=\"index, follow, max-snippet:-1, max-image-preview:large, max-video-preview:-1\" \/>\n<link rel=\"canonical\" href=\"https:\/\/jordibordas.com\/z\/curso-de-introduccion-a-la-pasteleria-sin-azucar\/\" \/>\n<meta property=\"og:locale\" content=\"es_ES\" \/>\n<meta property=\"og:type\" content=\"article\" \/>\n<meta property=\"og:title\" content=\"Curso de introducci\u00f3n a la pasteler\u00eda sin az\u00facar - Jordi Bordas\" \/>\n<meta property=\"og:description\" content=\"En este curso te introducir\u00e1s a la pasteler\u00eda sin az\u00facar y descubrir\u00e1s los ingredientes alternativos y su funcionalidad en las recetas.\" \/>\n<meta property=\"og:url\" content=\"https:\/\/jordibordas.com\/z\/curso-de-introduccion-a-la-pasteleria-sin-azucar\/\" \/>\n<meta property=\"og:site_name\" content=\"Innovative Pastry Education\" \/>\n<meta property=\"article:modified_time\" content=\"2024-05-31T10:09:32+00:00\" \/>\n<meta name=\"twitter:card\" content=\"summary_large_image\" \/>\n<script type=\"application\/ld+json\" class=\"yoast-schema-graph\">{\"@context\":\"https:\\\/\\\/schema.org\",\"@graph\":[{\"@type\":\"WebPage\",\"@id\":\"https:\\\/\\\/jordibordas.com\\\/z\\\/curso-de-introduccion-a-la-pasteleria-sin-azucar\\\/\",\"url\":\"https:\\\/\\\/jordibordas.com\\\/z\\\/curso-de-introduccion-a-la-pasteleria-sin-azucar\\\/\",\"name\":\"Curso de introducci\u00f3n a la pasteler\u00eda sin az\u00facar - Jordi Bordas\",\"isPartOf\":{\"@id\":\"https:\\\/\\\/jordibordas.com\\\/z\\\/#website\"},\"datePublished\":\"2024-02-20T10:34:43+00:00\",\"dateModified\":\"2024-05-31T10:09:32+00:00\",\"description\":\"En este curso te introducir\u00e1s a la pasteler\u00eda sin az\u00facar y descubrir\u00e1s los ingredientes alternativos y su funcionalidad en las recetas.\",\"breadcrumb\":{\"@id\":\"https:\\\/\\\/jordibordas.com\\\/z\\\/curso-de-introduccion-a-la-pasteleria-sin-azucar\\\/#breadcrumb\"},\"inLanguage\":\"es\",\"potentialAction\":[{\"@type\":\"ReadAction\",\"target\":[\"https:\\\/\\\/jordibordas.com\\\/z\\\/curso-de-introduccion-a-la-pasteleria-sin-azucar\\\/\"]}]},{\"@type\":\"BreadcrumbList\",\"@id\":\"https:\\\/\\\/jordibordas.com\\\/z\\\/curso-de-introduccion-a-la-pasteleria-sin-azucar\\\/#breadcrumb\",\"itemListElement\":[{\"@type\":\"ListItem\",\"position\":1,\"name\":\"Portada\",\"item\":\"https:\\\/\\\/jordibordas.com\\\/z\\\/\"},{\"@type\":\"ListItem\",\"position\":2,\"name\":\"Curso de introducci\u00f3n a la pasteler\u00eda sin az\u00facar\"}]},{\"@type\":\"WebSite\",\"@id\":\"https:\\\/\\\/jordibordas.com\\\/z\\\/#website\",\"url\":\"https:\\\/\\\/jordibordas.com\\\/z\\\/\",\"name\":\"Innovative Pastry Education\",\"description\":\"Innovative Pastry Education\",\"potentialAction\":[{\"@type\":\"SearchAction\",\"target\":{\"@type\":\"EntryPoint\",\"urlTemplate\":\"https:\\\/\\\/jordibordas.com\\\/z\\\/?s={search_term_string}\"},\"query-input\":{\"@type\":\"PropertyValueSpecification\",\"valueRequired\":true,\"valueName\":\"search_term_string\"}}],\"inLanguage\":\"es\"}]}<\/script>\n<!-- \/ Yoast SEO plugin. -->","yoast_head_json":{"title":"Curso de introducci\u00f3n a la pasteler\u00eda sin az\u00facar - Jordi Bordas","description":"En este curso te introducir\u00e1s a la pasteler\u00eda sin az\u00facar y descubrir\u00e1s los ingredientes alternativos y su funcionalidad en las recetas.","robots":{"index":"index","follow":"follow","max-snippet":"max-snippet:-1","max-image-preview":"max-image-preview:large","max-video-preview":"max-video-preview:-1"},"canonical":"https:\/\/jordibordas.com\/z\/curso-de-introduccion-a-la-pasteleria-sin-azucar\/","og_locale":"es_ES","og_type":"article","og_title":"Curso de introducci\u00f3n a la pasteler\u00eda sin az\u00facar - Jordi Bordas","og_description":"En este curso te introducir\u00e1s a la pasteler\u00eda sin az\u00facar y descubrir\u00e1s los ingredientes alternativos y su funcionalidad en las recetas.","og_url":"https:\/\/jordibordas.com\/z\/curso-de-introduccion-a-la-pasteleria-sin-azucar\/","og_site_name":"Innovative Pastry Education","article_modified_time":"2024-05-31T10:09:32+00:00","twitter_card":"summary_large_image","schema":{"@context":"https:\/\/schema.org","@graph":[{"@type":"WebPage","@id":"https:\/\/jordibordas.com\/z\/curso-de-introduccion-a-la-pasteleria-sin-azucar\/","url":"https:\/\/jordibordas.com\/z\/curso-de-introduccion-a-la-pasteleria-sin-azucar\/","name":"Curso de introducci\u00f3n a la pasteler\u00eda sin az\u00facar - Jordi Bordas","isPartOf":{"@id":"https:\/\/jordibordas.com\/z\/#website"},"datePublished":"2024-02-20T10:34:43+00:00","dateModified":"2024-05-31T10:09:32+00:00","description":"En este curso te introducir\u00e1s a la pasteler\u00eda sin az\u00facar y descubrir\u00e1s los ingredientes alternativos y su funcionalidad en las recetas.","breadcrumb":{"@id":"https:\/\/jordibordas.com\/z\/curso-de-introduccion-a-la-pasteleria-sin-azucar\/#breadcrumb"},"inLanguage":"es","potentialAction":[{"@type":"ReadAction","target":["https:\/\/jordibordas.com\/z\/curso-de-introduccion-a-la-pasteleria-sin-azucar\/"]}]},{"@type":"BreadcrumbList","@id":"https:\/\/jordibordas.com\/z\/curso-de-introduccion-a-la-pasteleria-sin-azucar\/#breadcrumb","itemListElement":[{"@type":"ListItem","position":1,"name":"Portada","item":"https:\/\/jordibordas.com\/z\/"},{"@type":"ListItem","position":2,"name":"Curso de introducci\u00f3n a la pasteler\u00eda sin az\u00facar"}]},{"@type":"WebSite","@id":"https:\/\/jordibordas.com\/z\/#website","url":"https:\/\/jordibordas.com\/z\/","name":"Innovative Pastry Education","description":"Innovative Pastry Education","potentialAction":[{"@type":"SearchAction","target":{"@type":"EntryPoint","urlTemplate":"https:\/\/jordibordas.com\/z\/?s={search_term_string}"},"query-input":{"@type":"PropertyValueSpecification","valueRequired":true,"valueName":"search_term_string"}}],"inLanguage":"es"}]}},"_links":{"self":[{"href":"https:\/\/jordibordas.com\/z\/wp-json\/wp\/v2\/pages\/8978","targetHints":{"allow":["GET"]}}],"collection":[{"href":"https:\/\/jordibordas.com\/z\/wp-json\/wp\/v2\/pages"}],"about":[{"href":"https:\/\/jordibordas.com\/z\/wp-json\/wp\/v2\/types\/page"}],"author":[{"embeddable":true,"href":"https:\/\/jordibordas.com\/z\/wp-json\/wp\/v2\/users\/24"}],"replies":[{"embeddable":true,"href":"https:\/\/jordibordas.com\/z\/wp-json\/wp\/v2\/comments?post=8978"}],"version-history":[{"count":55,"href":"https:\/\/jordibordas.com\/z\/wp-json\/wp\/v2\/pages\/8978\/revisions"}],"predecessor-version":[{"id":9660,"href":"https:\/\/jordibordas.com\/z\/wp-json\/wp\/v2\/pages\/8978\/revisions\/9660"}],"wp:attachment":[{"href":"https:\/\/jordibordas.com\/z\/wp-json\/wp\/v2\/media?parent=8978"}],"curies":[{"name":"wp","href":"https:\/\/api.w.org\/{rel}","templated":true}]}}